{"id":395,"date":"2025-02-14T08:48:30","date_gmt":"2025-02-14T07:48:30","guid":{"rendered":"http:\/\/solidairementasbl.be\/?page_id=395"},"modified":"2025-02-14T10:55:09","modified_gmt":"2025-02-14T09:55:09","slug":"tournee-vegetale","status":"publish","type":"page","link":"https:\/\/solidairementasbl.be\/index.php\/tournee-vegetale\/","title":{"rendered":"Tourn\u00e9e V\u00e9g\u00e9tale"},"content":{"rendered":"<style>.wp-block-kadence-spacer.kt-block-spacer-395_1d29f8-a2 .kt-block-spacer{height:137px;}.wp-block-kadence-spacer.kt-block-spacer-395_1d29f8-a2 .kt-divider{border-top-width:1px;height:1px;border-top-color:#eee;width:80%;border-top-style:solid;}<\/style>\n<div class=\"wp-block-kadence-spacer aligncenter kt-block-spacer-395_1d29f8-a2\"><div class=\"kt-block-spacer kt-block-spacer-halign-center\"><hr class=\"kt-divider\"\/><\/div><\/div>\n\n\n<style>.kadence-column395_73ddc2-cb{max-width:1194px;margin-left:auto;margin-right:auto;}.wp-block-kadence-column.kb-section-dir-horizontal:not(.kb-section-md-dir-vertical)>.kt-inside-inner-col>.kadence-column395_73ddc2-cb{-webkit-flex:0 1 1194px;flex:0 1 1194px;max-width:unset;margin-left:unset;margin-right:unset;}.kadence-column395_73ddc2-cb > .kt-inside-inner-col{min-height:500px;}.kadence-column395_73ddc2-cb > .kt-inside-inner-col,.kadence-column395_73ddc2-cb > .kt-inside-inner-col:before{border-top-left-radius:0px;border-top-right-radius:0px;border-bottom-right-radius:0px;border-bottom-left-radius:0px;}.kadence-column395_73ddc2-cb > .kt-inside-inner-col{column-gap:var(--global-kb-gap-sm, 1rem);}.kadence-column395_73ddc2-cb > .kt-inside-inner-col{flex-direction:column;}.kadence-column395_73ddc2-cb > .kt-inside-inner-col > .aligncenter{width:100%;}.kadence-column395_73ddc2-cb > .kt-inside-inner-col{background-image:url('http:\/\/solidairementasbl.be\/wp-content\/uploads\/2024\/09\/BANNIERE_PRODUCTION.jpg');background-size:cover;background-position:85% 60%;background-attachment:scroll;background-repeat:no-repeat;}.kadence-column395_73ddc2-cb > .kt-inside-inner-col:before{opacity:0.3;}.kadence-column395_73ddc2-cb{position:relative;}@media all and (min-width: 1025px){.wp-block-kadence-column.kb-section-dir-horizontal>.kt-inside-inner-col>.kadence-column395_73ddc2-cb{-webkit-flex:0 1 1194px;flex:0 1 1194px;max-width:unset;margin-left:unset;margin-right:unset;}}@media all and (max-width: 1024px){.kadence-column395_73ddc2-cb > .kt-inside-inner-col{flex-direction:column;justify-content:center;}}@media all and (max-width: 767px){.wp-block-kadence-column.kb-section-sm-dir-vertical:not(.kb-section-sm-dir-horizontal):not(.kb-section-sm-dir-specificity)>.kt-inside-inner-col>.kadence-column395_73ddc2-cb{max-width:1194px;-webkit-flex:1;flex:1;margin-left:auto;margin-right:auto;}.kadence-column395_73ddc2-cb > .kt-inside-inner-col{flex-direction:column;justify-content:center;}}<\/style>\n<div class=\"wp-block-kadence-column kadence-column395_73ddc2-cb alignfull\"><div class=\"kt-inside-inner-col\"><\/div><\/div>\n\n\n<style>.kb-row-layout-id395_653248-ca > .kt-row-column-wrap{align-content:center;}:where(.kb-row-layout-id395_653248-ca > .kt-row-column-wrap) > .wp-block-kadence-column{justify-content:center;}.kb-row-layout-id395_653248-ca > .kt-row-column-wrap{column-gap:var(--global-kb-gap-none, 0rem );row-gap:var(--global-kb-gap-none, 0rem );max-width:1140px;margin-left:auto;margin-right:auto;padding-top:100px;padding-right:0px;padding-bottom:45px;padding-left:0px;grid-template-columns:minmax(0, calc(80% - ((var(--global-kb-gap-none, 0rem ) * 1 )\/2)))minmax(0, calc(20% - ((var(--global-kb-gap-none, 0rem ) * 1 )\/2)));}.kb-row-layout-id395_653248-ca > .kt-row-layout-overlay{opacity:0.04;}@media all and (max-width: 1024px){.kb-row-layout-id395_653248-ca > .kt-row-column-wrap{max-width:700px;margin-left:auto;margin-right:auto;padding-top:80px;padding-right:0px;padding-bottom:80px;padding-left:0px;grid-template-columns:minmax(0, 1fr);}}@media all and (max-width: 767px){.kb-row-layout-id395_653248-ca > .kt-row-column-wrap{padding-top:60px;padding-right:15px;padding-bottom:60px;padding-left:15px;grid-template-columns:minmax(0, 1fr);}}.kb-row-layout-id395_653248-ca .contact-img-1 img{margin: -80px 0px -80px 0px;}<\/style><div class=\"kb-row-layout-wrap kb-row-layout-id395_653248-ca alignfull has-theme-palette8-background-color kt-row-has-bg wp-block-kadence-rowlayout\"><div class=\"kt-row-column-wrap kt-has-2-columns kt-row-layout-equal kt-tab-layout-row kt-mobile-layout-row kt-row-valign-middle\">\n<style>.kadence-column395_00bc0d-de > .kt-inside-inner-col{padding-top:10px;padding-right:10px;padding-bottom:10px;padding-left:10px;}.kadence-column395_00bc0d-de > .kt-inside-inner-col,.kadence-column395_00bc0d-de > .kt-inside-inner-col:before{border-top-left-radius:0px;border-top-right-radius:0px;border-bottom-right-radius:0px;border-bottom-left-radius:0px;}.kadence-column395_00bc0d-de > .kt-inside-inner-col{column-gap:var(--global-kb-gap-sm, 1rem);}.kadence-column395_00bc0d-de > .kt-inside-inner-col{flex-direction:column;}.kadence-column395_00bc0d-de > .kt-inside-inner-col > .aligncenter{width:100%;}.kadence-column395_00bc0d-de > .kt-inside-inner-col:before{opacity:0.3;}.kadence-column395_00bc0d-de{position:relative;}.kadence-column395_00bc0d-de, .kt-inside-inner-col > .kadence-column395_00bc0d-de:not(.specificity){margin-top:0px;margin-right:120px;margin-bottom:0px;margin-left:0px;}@media all and (max-width: 1024px){.kadence-column395_00bc0d-de > .kt-inside-inner-col{flex-direction:column;justify-content:center;}}@media all and (max-width: 1024px){.kadence-column395_00bc0d-de, .kt-inside-inner-col > .kadence-column395_00bc0d-de:not(.specificity){margin-top:0px;margin-right:0px;margin-bottom:0px;margin-left:0px;}}@media all and (max-width: 767px){.kadence-column395_00bc0d-de > .kt-inside-inner-col{padding-top:0px;padding-right:0px;padding-bottom:0px;padding-left:0px;flex-direction:column;justify-content:center;}}<\/style>\n<div class=\"wp-block-kadence-column kadence-column395_00bc0d-de inner-column-1\"><div class=\"kt-inside-inner-col\"><style>.wp-block-kadence-advancedheading.kt-adv-heading395_8a1ec7-79, .wp-block-kadence-advancedheading.kt-adv-heading395_8a1ec7-79[data-kb-block=\"kb-adv-heading395_8a1ec7-79\"]{margin-bottom:var(--global-kb-spacing-sm, 1.5rem);line-height:1em;font-weight:400;font-style:normal;text-transform:uppercase;letter-spacing:1px;}.wp-block-kadence-advancedheading.kt-adv-heading395_8a1ec7-79 mark.kt-highlight, .wp-block-kadence-advancedheading.kt-adv-heading395_8a1ec7-79[data-kb-block=\"kb-adv-heading395_8a1ec7-79\"] mark.kt-highlight{font-style:normal;color:#f76a0c;-webkit-box-decoration-break:clone;box-decoration-break:clone;padding-top:0px;padding-right:0px;padding-bottom:0px;padding-left:0px;}@media all and (max-width: 1024px){.wp-block-kadence-advancedheading.kt-adv-heading395_8a1ec7-79, .wp-block-kadence-advancedheading.kt-adv-heading395_8a1ec7-79[data-kb-block=\"kb-adv-heading395_8a1ec7-79\"]{text-align:center!important;}}<\/style>\n<h6 class=\"kt-adv-heading395_8a1ec7-79 wp-block-kadence-advancedheading has-theme-palette-1-color has-text-color\" data-kb-block=\"kb-adv-heading395_8a1ec7-79\">Bienvenue \u00e0 la tourn\u00e9e v\u00e9g\u00e9tale<\/h6>\n\n\n<style>.wp-block-kadence-advancedheading.kt-adv-heading395_613672-2c, .wp-block-kadence-advancedheading.kt-adv-heading395_613672-2c[data-kb-block=\"kb-adv-heading395_613672-2c\"]{margin-top:0px;margin-right:0px;margin-bottom:38.5px;margin-left:0px;line-height:1.3em;font-style:normal;}.wp-block-kadence-advancedheading.kt-adv-heading395_613672-2c mark.kt-highlight, .wp-block-kadence-advancedheading.kt-adv-heading395_613672-2c[data-kb-block=\"kb-adv-heading395_613672-2c\"] mark.kt-highlight{font-style:normal;color:#f76a0c;-webkit-box-decoration-break:clone;box-decoration-break:clone;padding-top:0px;padding-right:0px;padding-bottom:0px;padding-left:0px;}@media all and (max-width: 1024px){.wp-block-kadence-advancedheading.kt-adv-heading395_613672-2c, .wp-block-kadence-advancedheading.kt-adv-heading395_613672-2c[data-kb-block=\"kb-adv-heading395_613672-2c\"]{text-align:center!important;}}<\/style>\n<h2 class=\"kt-adv-heading395_613672-2c wp-block-kadence-advancedheading\" data-kb-block=\"kb-adv-heading395_613672-2c\">Mais Tourn\u00e9e V\u00e9g\u00e9tale qu&rsquo;est ce que c&rsquo;est ?<\/h2>\n\n\n<style>.wp-block-kadence-advancedheading.kt-adv-heading395_b2addc-fb, .wp-block-kadence-advancedheading.kt-adv-heading395_b2addc-fb[data-kb-block=\"kb-adv-heading395_b2addc-fb\"]{margin-top:0px;margin-right:0px;margin-bottom:20px;margin-left:0px;font-style:normal;}.wp-block-kadence-advancedheading.kt-adv-heading395_b2addc-fb mark.kt-highlight, .wp-block-kadence-advancedheading.kt-adv-heading395_b2addc-fb[data-kb-block=\"kb-adv-heading395_b2addc-fb\"] mark.kt-highlight{font-style:normal;color:#f76a0c;-webkit-box-decoration-break:clone;box-decoration-break:clone;padding-top:0px;padding-right:0px;padding-bottom:0px;padding-left:0px;}@media all and (max-width: 1024px){.wp-block-kadence-advancedheading.kt-adv-heading395_b2addc-fb, .wp-block-kadence-advancedheading.kt-adv-heading395_b2addc-fb[data-kb-block=\"kb-adv-heading395_b2addc-fb\"]{text-align:center!important;}}<\/style>\n<p class=\"kt-adv-heading395_b2addc-fb wp-block-kadence-advancedheading\" data-kb-block=\"kb-adv-heading395_b2addc-fb\">Initialement appel\u00e9 <em><strong>Centrale d&rsquo;Achat Locale<\/strong><\/em> (de fruits &amp; l\u00e9gumes), le projet voulait se trouver un nom, une image, pour sa transformation en coop\u00e9rative&#8230; <strong><em>Tourn\u00e9e V\u00e9g\u00e9tale<\/em><\/strong> est n\u00e9e d&rsquo;une recherche collective avec nos partenaires.<\/p>\n\n\n\n<p>La production et la vente locale de fruits et l\u00e9gumes ne fait qu\u2019augmenter dans la province.<\/p>\n\n\n\n<p>Pourtant, il n\u2019est pas si simple aujourd\u2019hui pour les \u00e9piceries ou collectivit\u00e9s de se fournir localement ni pour les mara\u00eechers de r\u00e9pondre \u00e0 toutes les sollicitations !<\/p>\n\n\n\n<p>Une \u00e9volution est encore n\u00e9cessaire pour approvisionner localement les points de vente, compl\u00e9ter son offre pour les magasins \u00e0 la ferme ou encore pour fournir les collectivit\u00e9s.<\/p>\n\n\n\n<p>Le projet, port\u00e9 par l\u2019<strong>ASBL Solidairement<\/strong> comprend :<\/p>\n\n\n\n<ul class=\"wp-block-list\">\n<li>un <strong>partenariat entre mara\u00eechers et acheteurs<\/strong> afin d\u2019organiser collectivement<br>l\u2019approvisionnement. Il permet de s\u00e9curiser les revenus pour le mara\u00eecher et<br>l\u2019approvisionnement pour l\u2019acheteur.<\/li>\n\n\n\n<li>La mise en place de la <strong>logistique<\/strong> n\u00e9cessaire \u00e0 leur <strong>production et distribution locale<\/strong>.<\/li>\n<\/ul>\n<\/div><\/div>\n\n\n<style>.kadence-column395_21524c-69 > .kt-inside-inner-col{display:flex;}.kadence-column395_21524c-69 > .kt-inside-inner-col,.kadence-column395_21524c-69 > .kt-inside-inner-col:before{border-top-left-radius:0px;border-top-right-radius:0px;border-bottom-right-radius:0px;border-bottom-left-radius:0px;}.kadence-column395_21524c-69 > .kt-inside-inner-col{column-gap:var(--global-kb-gap-sm, 1rem);}.kadence-column395_21524c-69 > .kt-inside-inner-col{flex-direction:column;justify-content:center;}.kadence-column395_21524c-69 > .kt-inside-inner-col > .aligncenter{width:100%;}.kt-row-column-wrap > .kadence-column395_21524c-69{align-self:center;}.kt-inner-column-height-full:not(.kt-has-1-columns) > .wp-block-kadence-column.kadence-column395_21524c-69{align-self:auto;}.kt-inner-column-height-full:not(.kt-has-1-columns) > .wp-block-kadence-column.kadence-column395_21524c-69 > .kt-inside-inner-col{flex-direction:column;justify-content:center;}.kadence-column395_21524c-69 > .kt-inside-inner-col:before{opacity:0.3;}.kadence-column395_21524c-69{position:relative;}@media all and (max-width: 1024px){.kt-row-column-wrap > .kadence-column395_21524c-69{align-self:center;}}@media all and (max-width: 1024px){.kt-inner-column-height-full:not(.kt-has-1-columns) > .wp-block-kadence-column.kadence-column395_21524c-69{align-self:auto;}}@media all and (max-width: 1024px){.kt-inner-column-height-full:not(.kt-has-1-columns) > .wp-block-kadence-column.kadence-column395_21524c-69 > .kt-inside-inner-col{flex-direction:column;justify-content:center;}}@media all and (max-width: 1024px){.kadence-column395_21524c-69 > .kt-inside-inner-col{flex-direction:column;justify-content:center;align-items:center;}}@media all and (max-width: 1024px){.kadence-column395_21524c-69, .kt-inside-inner-col > .kadence-column395_21524c-69:not(.specificity){margin-top:70px;margin-right:0px;margin-bottom:0px;margin-left:0px;}}@media all and (max-width: 767px){.kadence-column395_21524c-69 > .kt-inside-inner-col{padding-top:0px;padding-right:0px;padding-bottom:0px;padding-left:0px;flex-direction:column;justify-content:center;align-items:center;}.kt-row-column-wrap > .kadence-column395_21524c-69{align-self:center;}.kt-inner-column-height-full:not(.kt-has-1-columns) > .wp-block-kadence-column.kadence-column395_21524c-69{align-self:auto;}.kt-inner-column-height-full:not(.kt-has-1-columns) > .wp-block-kadence-column.kadence-column395_21524c-69 > .kt-inside-inner-col{flex-direction:column;justify-content:center;}.kadence-column395_21524c-69, .kt-inside-inner-col > .kadence-column395_21524c-69:not(.specificity){margin-bottom:-80px;}}<\/style>\n<div class=\"wp-block-kadence-column kadence-column395_21524c-69 kb-section-dir-vertical inner-column-2\"><div class=\"kt-inside-inner-col\"><style>.kb-image395_83ed62-e7.kb-image-is-ratio-size, .kb-image395_83ed62-e7 .kb-image-is-ratio-size{max-width:397px;width:100%;}.wp-block-kadence-column > .kt-inside-inner-col > .kb-image395_83ed62-e7.kb-image-is-ratio-size, .wp-block-kadence-column > .kt-inside-inner-col > .kb-image395_83ed62-e7 .kb-image-is-ratio-size{align-self:unset;}.kb-image395_83ed62-e7 figure{max-width:397px;}.kb-image395_83ed62-e7 .image-is-svg, .kb-image395_83ed62-e7 .image-is-svg img{width:100%;}.kb-image395_83ed62-e7 .kb-image-has-overlay:after{opacity:0.3;border-top-left-radius:200px;border-top-right-radius:200px;border-bottom-right-radius:200px;border-bottom-left-radius:200px;}.kb-image395_83ed62-e7 img.kb-img, .kb-image395_83ed62-e7 .kb-img img{border-top-left-radius:200px;border-top-right-radius:200px;border-bottom-right-radius:200px;border-bottom-left-radius:200px;}<\/style>\n<div class=\"wp-block-kadence-image kb-image395_83ed62-e7\"><figure class=\"aligncenter size-full kb-image-is-ratio-size\"><div class=\"kb-is-ratio-image kb-image-ratio-square\"><img loading=\"lazy\" decoding=\"async\" width=\"323\" height=\"243\" src=\"http:\/\/solidairementasbl.be\/wp-content\/uploads\/2024\/09\/Screenshot_7.jpg\" alt=\"\" class=\"kb-img wp-image-199\" srcset=\"https:\/\/solidairementasbl.be\/wp-content\/uploads\/2024\/09\/Screenshot_7.jpg 323w, https:\/\/solidairementasbl.be\/wp-content\/uploads\/2024\/09\/Screenshot_7-300x226.jpg 300w\" sizes=\"auto, (max-width: 323px) 100vw, 323px\" \/><\/div><\/figure><\/div>\n<\/div><\/div>\n\n<\/div><\/div>\n\n<style>.kb-row-layout-id395_48b824-d5 > .kt-row-column-wrap{align-content:center;}:where(.kb-row-layout-id395_48b824-d5 > .kt-row-column-wrap) > .wp-block-kadence-column{justify-content:center;}.kb-row-layout-id395_48b824-d5 > .kt-row-column-wrap{column-gap:var(--global-kb-gap-none, 0rem );row-gap:var(--global-kb-gap-none, 0rem );max-width:1140px;margin-left:auto;margin-right:auto;padding-top:0px;padding-right:0px;padding-bottom:100px;padding-left:0px;grid-template-columns:minmax(0, calc(80% - ((var(--global-kb-gap-none, 0rem ) * 1 )\/2)))minmax(0, calc(20% - ((var(--global-kb-gap-none, 0rem ) * 1 )\/2)));}.kb-row-layout-id395_48b824-d5 > .kt-row-layout-overlay{opacity:0.04;}@media all and (max-width: 1024px){.kb-row-layout-id395_48b824-d5 > .kt-row-column-wrap{max-width:700px;margin-left:auto;margin-right:auto;padding-top:80px;padding-right:0px;padding-bottom:80px;padding-left:0px;grid-template-columns:minmax(0, 1fr);}}@media all and (max-width: 767px){.kb-row-layout-id395_48b824-d5 > .kt-row-column-wrap{padding-top:60px;padding-right:15px;padding-bottom:60px;padding-left:15px;grid-template-columns:minmax(0, 1fr);}}.kb-row-layout-id395_48b824-d5 .contact-img-1 img{margin: -80px 0px -80px 0px;}<\/style><div class=\"kb-row-layout-wrap kb-row-layout-id395_48b824-d5 alignfull has-theme-palette8-background-color kt-row-has-bg wp-block-kadence-rowlayout\"><div class=\"kt-row-column-wrap kt-has-2-columns kt-row-layout-equal kt-tab-layout-row kt-mobile-layout-row kt-row-valign-middle\">\n<style>.kadence-column395_887162-45 > .kt-inside-inner-col{padding-top:10px;padding-right:10px;padding-bottom:10px;padding-left:10px;}.kadence-column395_887162-45 > .kt-inside-inner-col,.kadence-column395_887162-45 > .kt-inside-inner-col:before{border-top-left-radius:0px;border-top-right-radius:0px;border-bottom-right-radius:0px;border-bottom-left-radius:0px;}.kadence-column395_887162-45 > .kt-inside-inner-col{column-gap:var(--global-kb-gap-sm, 1rem);}.kadence-column395_887162-45 > .kt-inside-inner-col{flex-direction:column;}.kadence-column395_887162-45 > .kt-inside-inner-col > .aligncenter{width:100%;}.kadence-column395_887162-45 > .kt-inside-inner-col:before{opacity:0.3;}.kadence-column395_887162-45{position:relative;}.kadence-column395_887162-45, .kt-inside-inner-col > .kadence-column395_887162-45:not(.specificity){margin-top:0px;margin-right:120px;margin-bottom:0px;margin-left:0px;}@media all and (max-width: 1024px){.kadence-column395_887162-45 > .kt-inside-inner-col{flex-direction:column;justify-content:center;}}@media all and (max-width: 1024px){.kadence-column395_887162-45, .kt-inside-inner-col > .kadence-column395_887162-45:not(.specificity){margin-top:0px;margin-right:0px;margin-bottom:0px;margin-left:0px;}}@media all and (max-width: 767px){.kadence-column395_887162-45 > .kt-inside-inner-col{padding-top:0px;padding-right:0px;padding-bottom:0px;padding-left:0px;flex-direction:column;justify-content:center;}}<\/style>\n<div class=\"wp-block-kadence-column kadence-column395_887162-45 inner-column-1\"><div class=\"kt-inside-inner-col\">\n<p>\u2794 Cr\u00e9er un <strong>r\u00e9seau de producteurs et d\u2019acheteurs<\/strong> locaux (magasins, mara\u00eechers, collectivit\u00e9s) ;<br>\u2794 <strong>Planifier la production et les ventes<\/strong> via des plans de cultures communs et des engagements<br>d\u2019achats<br>\u2794 <strong>D\u00e9finition collective d\u2019une politique de prix et de marges<\/strong>.<br>\u2794 Cr\u00e9er les <strong>outils logistiques<\/strong> (tourn\u00e9es, stockage, commande, etc.)<br>La centrale d\u2019achat locale fonctionne <strong>depuis 2022<\/strong> et s\u2019agrandit graduellement depuis, int\u00e9grant<br>davantage de producteurs et d\u2019acheteurs professionnels.<\/p>\n<\/div><\/div>\n\n\n<style>.kadence-column395_cbbf1b-df > .kt-inside-inner-col{display:flex;}.kadence-column395_cbbf1b-df > .kt-inside-inner-col,.kadence-column395_cbbf1b-df > .kt-inside-inner-col:before{border-top-left-radius:0px;border-top-right-radius:0px;border-bottom-right-radius:0px;border-bottom-left-radius:0px;}.kadence-column395_cbbf1b-df > .kt-inside-inner-col{column-gap:var(--global-kb-gap-sm, 1rem);}.kadence-column395_cbbf1b-df > .kt-inside-inner-col{flex-direction:column;justify-content:center;}.kadence-column395_cbbf1b-df > .kt-inside-inner-col > .aligncenter{width:100%;}.kt-row-column-wrap > .kadence-column395_cbbf1b-df{align-self:center;}.kt-inner-column-height-full:not(.kt-has-1-columns) > .wp-block-kadence-column.kadence-column395_cbbf1b-df{align-self:auto;}.kt-inner-column-height-full:not(.kt-has-1-columns) > .wp-block-kadence-column.kadence-column395_cbbf1b-df > .kt-inside-inner-col{flex-direction:column;justify-content:center;}.kadence-column395_cbbf1b-df > .kt-inside-inner-col:before{opacity:0.3;}.kadence-column395_cbbf1b-df{position:relative;}@media all and (max-width: 1024px){.kt-row-column-wrap > .kadence-column395_cbbf1b-df{align-self:center;}}@media all and (max-width: 1024px){.kt-inner-column-height-full:not(.kt-has-1-columns) > .wp-block-kadence-column.kadence-column395_cbbf1b-df{align-self:auto;}}@media all and (max-width: 1024px){.kt-inner-column-height-full:not(.kt-has-1-columns) > .wp-block-kadence-column.kadence-column395_cbbf1b-df > .kt-inside-inner-col{flex-direction:column;justify-content:center;}}@media all and (max-width: 1024px){.kadence-column395_cbbf1b-df > .kt-inside-inner-col{flex-direction:column;justify-content:center;align-items:center;}}@media all and (max-width: 1024px){.kadence-column395_cbbf1b-df, .kt-inside-inner-col > .kadence-column395_cbbf1b-df:not(.specificity){margin-top:70px;margin-right:0px;margin-bottom:0px;margin-left:0px;}}@media all and (max-width: 767px){.kadence-column395_cbbf1b-df > .kt-inside-inner-col{padding-top:0px;padding-right:0px;padding-bottom:0px;padding-left:0px;flex-direction:column;justify-content:center;align-items:center;}.kt-row-column-wrap > .kadence-column395_cbbf1b-df{align-self:center;}.kt-inner-column-height-full:not(.kt-has-1-columns) > .wp-block-kadence-column.kadence-column395_cbbf1b-df{align-self:auto;}.kt-inner-column-height-full:not(.kt-has-1-columns) > .wp-block-kadence-column.kadence-column395_cbbf1b-df > .kt-inside-inner-col{flex-direction:column;justify-content:center;}.kadence-column395_cbbf1b-df, .kt-inside-inner-col > .kadence-column395_cbbf1b-df:not(.specificity){margin-bottom:-80px;}}<\/style>\n<div class=\"wp-block-kadence-column kadence-column395_cbbf1b-df kb-section-dir-vertical inner-column-2\"><div class=\"kt-inside-inner-col\"><style>.kb-image395_19c5f9-14.kb-image-is-ratio-size, .kb-image395_19c5f9-14 .kb-image-is-ratio-size{max-width:396px;width:100%;}.wp-block-kadence-column > .kt-inside-inner-col > .kb-image395_19c5f9-14.kb-image-is-ratio-size, .wp-block-kadence-column > .kt-inside-inner-col > .kb-image395_19c5f9-14 .kb-image-is-ratio-size{align-self:unset;}.kb-image395_19c5f9-14 figure{max-width:396px;}.kb-image395_19c5f9-14 .image-is-svg, .kb-image395_19c5f9-14 .image-is-svg img{width:100%;}.kb-image395_19c5f9-14 .kb-image-has-overlay:after{opacity:0.3;border-top-left-radius:200px;border-top-right-radius:200px;border-bottom-right-radius:200px;border-bottom-left-radius:200px;}.kb-image395_19c5f9-14 img.kb-img, .kb-image395_19c5f9-14 .kb-img img{border-top-left-radius:200px;border-top-right-radius:200px;border-bottom-right-radius:200px;border-bottom-left-radius:200px;}<\/style>\n<div class=\"wp-block-kadence-image kb-image395_19c5f9-14\"><figure class=\"aligncenter size-full kb-image-is-ratio-size\"><div class=\"kb-is-ratio-image kb-image-ratio-square\"><img loading=\"lazy\" decoding=\"async\" width=\"229\" height=\"242\" src=\"http:\/\/solidairementasbl.be\/wp-content\/uploads\/2024\/09\/Screenshot_8.jpg\" alt=\"\" class=\"kb-img wp-image-200\"\/><\/div><\/figure><\/div>\n<\/div><\/div>\n\n<\/div><\/div>\n\n\n<p><\/p>\n","protected":false},"excerpt":{"rendered":"<p>Bienvenue \u00e0 la tourn\u00e9e v\u00e9g\u00e9tale Mais Tourn\u00e9e V\u00e9g\u00e9tale qu&rsquo;est ce que c&rsquo;est ? Initialement appel\u00e9 Centrale d&rsquo;Achat Locale (de fruits &amp; l\u00e9gumes), le projet voulait se trouver un nom, une image, pour sa transformation en coop\u00e9rative&#8230; Tourn\u00e9e V\u00e9g\u00e9tale est n\u00e9e d&rsquo;une recherche collective avec nos partenaires. La production et la vente locale de fruits et&#8230;<\/p>\n","protected":false},"author":2,"featured_media":0,"parent":0,"menu_order":0,"comment_status":"closed","ping_status":"closed","template":"","meta":{"_kadence_starter_templates_imported_post":false,"_kad_post_transparent":"","_kad_post_title":"hide","_kad_post_layout":"fullwidth","_kad_post_sidebar_id":"","_kad_post_content_style":"","_kad_post_vertical_padding":"","_kad_post_feature":"","_kad_post_feature_position":"","_kad_post_header":false,"_kad_post_footer":false,"footnotes":""},"class_list":["post-395","page","type-page","status-publish","hentry"],"_links":{"self":[{"href":"https:\/\/solidairementasbl.be\/index.php\/wp-json\/wp\/v2\/pages\/395","targetHints":{"allow":["GET"]}}],"collection":[{"href":"https:\/\/solidairementasbl.be\/index.php\/wp-json\/wp\/v2\/pages"}],"about":[{"href":"https:\/\/solidairementasbl.be\/index.php\/wp-json\/wp\/v2\/types\/page"}],"author":[{"embeddable":true,"href":"https:\/\/solidairementasbl.be\/index.php\/wp-json\/wp\/v2\/users\/2"}],"replies":[{"embeddable":true,"href":"https:\/\/solidairementasbl.be\/index.php\/wp-json\/wp\/v2\/comments?post=395"}],"version-history":[{"count":4,"href":"https:\/\/solidairementasbl.be\/index.php\/wp-json\/wp\/v2\/pages\/395\/revisions"}],"predecessor-version":[{"id":438,"href":"https:\/\/solidairementasbl.be\/index.php\/wp-json\/wp\/v2\/pages\/395\/revisions\/438"}],"wp:attachment":[{"href":"https:\/\/solidairementasbl.be\/index.php\/wp-json\/wp\/v2\/media?parent=395"}],"curies":[{"name":"wp","href":"https:\/\/api.w.org\/{rel}","templated":true}]}}