{"id":422,"date":"2025-02-14T10:18:22","date_gmt":"2025-02-14T09:18:22","guid":{"rendered":"http:\/\/solidairementasbl.be\/?page_id=422"},"modified":"2026-01-08T13:23:37","modified_gmt":"2026-01-08T12:23:37","slug":"la-debrouillardise","status":"publish","type":"page","link":"https:\/\/solidairementasbl.be\/index.php\/la-debrouillardise\/","title":{"rendered":"La d\u00e9brouillardise"},"content":{"rendered":"<style>.wp-block-kadence-spacer.kt-block-spacer-422_5db33d-e3 .kt-block-spacer{height:137px;}.wp-block-kadence-spacer.kt-block-spacer-422_5db33d-e3 .kt-divider{border-top-width:1px;height:1px;border-top-color:#eee;width:80%;border-top-style:solid;}<\/style>\n<div class=\"wp-block-kadence-spacer aligncenter kt-block-spacer-422_5db33d-e3\"><div class=\"kt-block-spacer kt-block-spacer-halign-center\"><hr class=\"kt-divider\"\/><\/div><\/div>\n\n\n<style>.kadence-column422_90686f-7f{max-width:1194px;margin-left:auto;margin-right:auto;}.wp-block-kadence-column.kb-section-dir-horizontal:not(.kb-section-md-dir-vertical)>.kt-inside-inner-col>.kadence-column422_90686f-7f{-webkit-flex:0 1 1194px;flex:0 1 1194px;max-width:unset;margin-left:unset;margin-right:unset;}.kadence-column422_90686f-7f > .kt-inside-inner-col{min-height:500px;}.kadence-column422_90686f-7f > .kt-inside-inner-col,.kadence-column422_90686f-7f > .kt-inside-inner-col:before{border-top-left-radius:0px;border-top-right-radius:0px;border-bottom-right-radius:0px;border-bottom-left-radius:0px;}.kadence-column422_90686f-7f > .kt-inside-inner-col{column-gap:var(--global-kb-gap-sm, 1rem);}.kadence-column422_90686f-7f > .kt-inside-inner-col{flex-direction:column;}.kadence-column422_90686f-7f > .kt-inside-inner-col > .aligncenter{width:100%;}.kadence-column422_90686f-7f > .kt-inside-inner-col{background-image:url('http:\/\/solidairementasbl.be\/wp-content\/uploads\/2025\/02\/epicentrefacade_BNNIERE-1.jpg');background-size:cover;background-position:4% 16%;background-attachment:scroll;background-repeat:no-repeat;}.kadence-column422_90686f-7f > .kt-inside-inner-col:before{opacity:0.3;}.kadence-column422_90686f-7f{position:relative;}@media all and (min-width: 1025px){.wp-block-kadence-column.kb-section-dir-horizontal>.kt-inside-inner-col>.kadence-column422_90686f-7f{-webkit-flex:0 1 1194px;flex:0 1 1194px;max-width:unset;margin-left:unset;margin-right:unset;}}@media all and (max-width: 1024px){.kadence-column422_90686f-7f > .kt-inside-inner-col{flex-direction:column;justify-content:center;}}@media all and (max-width: 767px){.wp-block-kadence-column.kb-section-sm-dir-vertical:not(.kb-section-sm-dir-horizontal):not(.kb-section-sm-dir-specificity)>.kt-inside-inner-col>.kadence-column422_90686f-7f{max-width:1194px;-webkit-flex:1;flex:1;margin-left:auto;margin-right:auto;}.kadence-column422_90686f-7f > .kt-inside-inner-col{flex-direction:column;justify-content:center;}}<\/style>\n<div class=\"wp-block-kadence-column kadence-column422_90686f-7f alignfull\"><div class=\"kt-inside-inner-col\"><\/div><\/div>\n\n\n<style>.kb-row-layout-id422_771f3b-75 > .kt-row-column-wrap{align-content:center;}:where(.kb-row-layout-id422_771f3b-75 > .kt-row-column-wrap) > .wp-block-kadence-column{justify-content:center;}.kb-row-layout-id422_771f3b-75 > .kt-row-column-wrap{column-gap:var(--global-kb-gap-none, 0rem );row-gap:var(--global-kb-gap-none, 0rem );max-width:1140px;margin-left:auto;margin-right:auto;padding-top:100px;padding-right:0px;padding-bottom:45px;padding-left:0px;grid-template-columns:minmax(0, calc(80% - ((var(--global-kb-gap-none, 0rem ) * 1 )\/2)))minmax(0, calc(20% - ((var(--global-kb-gap-none, 0rem ) * 1 )\/2)));}.kb-row-layout-id422_771f3b-75 > .kt-row-layout-overlay{opacity:0.04;}@media all and (max-width: 1024px){.kb-row-layout-id422_771f3b-75 > .kt-row-column-wrap{max-width:700px;margin-left:auto;margin-right:auto;padding-top:80px;padding-right:0px;padding-bottom:80px;padding-left:0px;grid-template-columns:minmax(0, 1fr);}}@media all and (max-width: 767px){.kb-row-layout-id422_771f3b-75 > .kt-row-column-wrap{padding-top:60px;padding-right:15px;padding-bottom:60px;padding-left:15px;grid-template-columns:minmax(0, 1fr);}}.kb-row-layout-id422_771f3b-75 .contact-img-1 img{margin: -80px 0px -80px 0px;}<\/style><div class=\"kb-row-layout-wrap kb-row-layout-id422_771f3b-75 alignfull has-theme-palette8-background-color kt-row-has-bg wp-block-kadence-rowlayout\"><div class=\"kt-row-column-wrap kt-has-2-columns kt-row-layout-equal kt-tab-layout-row kt-mobile-layout-row kt-row-valign-middle\">\n<style>.kadence-column422_b091e9-0c > .kt-inside-inner-col{padding-top:10px;padding-right:10px;padding-bottom:10px;padding-left:10px;}.kadence-column422_b091e9-0c > .kt-inside-inner-col,.kadence-column422_b091e9-0c > .kt-inside-inner-col:before{border-top-left-radius:0px;border-top-right-radius:0px;border-bottom-right-radius:0px;border-bottom-left-radius:0px;}.kadence-column422_b091e9-0c > .kt-inside-inner-col{column-gap:var(--global-kb-gap-sm, 1rem);}.kadence-column422_b091e9-0c > .kt-inside-inner-col{flex-direction:column;}.kadence-column422_b091e9-0c > .kt-inside-inner-col > .aligncenter{width:100%;}.kadence-column422_b091e9-0c > .kt-inside-inner-col:before{opacity:0.3;}.kadence-column422_b091e9-0c{position:relative;}.kadence-column422_b091e9-0c, .kt-inside-inner-col > .kadence-column422_b091e9-0c:not(.specificity){margin-top:0px;margin-right:120px;margin-bottom:0px;margin-left:0px;}@media all and (max-width: 1024px){.kadence-column422_b091e9-0c > .kt-inside-inner-col{flex-direction:column;justify-content:center;}}@media all and (max-width: 1024px){.kadence-column422_b091e9-0c, .kt-inside-inner-col > .kadence-column422_b091e9-0c:not(.specificity){margin-top:0px;margin-right:0px;margin-bottom:0px;margin-left:0px;}}@media all and (max-width: 767px){.kadence-column422_b091e9-0c > .kt-inside-inner-col{padding-top:0px;padding-right:0px;padding-bottom:0px;padding-left:0px;flex-direction:column;justify-content:center;}}<\/style>\n<div class=\"wp-block-kadence-column kadence-column422_b091e9-0c inner-column-1\"><div class=\"kt-inside-inner-col\"><style>.wp-block-kadence-advancedheading.kt-adv-heading422_c13508-61, .wp-block-kadence-advancedheading.kt-adv-heading422_c13508-61[data-kb-block=\"kb-adv-heading422_c13508-61\"]{margin-bottom:var(--global-kb-spacing-sm, 1.5rem);line-height:1em;font-weight:400;font-style:normal;text-transform:uppercase;letter-spacing:1px;}.wp-block-kadence-advancedheading.kt-adv-heading422_c13508-61 mark.kt-highlight, .wp-block-kadence-advancedheading.kt-adv-heading422_c13508-61[data-kb-block=\"kb-adv-heading422_c13508-61\"] mark.kt-highlight{font-style:normal;color:#f76a0c;-webkit-box-decoration-break:clone;box-decoration-break:clone;padding-top:0px;padding-right:0px;padding-bottom:0px;padding-left:0px;}@media all and (max-width: 1024px){.wp-block-kadence-advancedheading.kt-adv-heading422_c13508-61, .wp-block-kadence-advancedheading.kt-adv-heading422_c13508-61[data-kb-block=\"kb-adv-heading422_c13508-61\"]{text-align:center!important;}}<\/style>\n<h6 class=\"kt-adv-heading422_c13508-61 wp-block-kadence-advancedheading has-theme-palette-1-color has-text-color\" data-kb-block=\"kb-adv-heading422_c13508-61\">La d\u00e9brouillardise villageoise est l&rsquo;asbl qui s&rsquo;occupe de la gestion de l&rsquo;\u00e9picerie <strong><a href=\"https:\/\/www.facebook.com\/EpicentreMeix\/?locale=fr_FR\" data-type=\"link\" data-id=\"https:\/\/www.facebook.com\/EpicentreMeix\/?locale=fr_FR\">l&rsquo;\u00e9picentre<\/a><\/strong>.<\/h6>\n\n\n<style>.wp-block-kadence-advancedheading.kt-adv-heading422_026aea-05, .wp-block-kadence-advancedheading.kt-adv-heading422_026aea-05[data-kb-block=\"kb-adv-heading422_026aea-05\"]{margin-top:0px;margin-right:0px;margin-bottom:38.5px;margin-left:0px;line-height:1.3em;font-style:normal;}.wp-block-kadence-advancedheading.kt-adv-heading422_026aea-05 mark.kt-highlight, .wp-block-kadence-advancedheading.kt-adv-heading422_026aea-05[data-kb-block=\"kb-adv-heading422_026aea-05\"] mark.kt-highlight{font-style:normal;color:#f76a0c;-webkit-box-decoration-break:clone;box-decoration-break:clone;padding-top:0px;padding-right:0px;padding-bottom:0px;padding-left:0px;}@media all and (max-width: 1024px){.wp-block-kadence-advancedheading.kt-adv-heading422_026aea-05, .wp-block-kadence-advancedheading.kt-adv-heading422_026aea-05[data-kb-block=\"kb-adv-heading422_026aea-05\"]{text-align:center!important;}}<\/style>\n<h2 class=\"kt-adv-heading422_026aea-05 wp-block-kadence-advancedheading\" data-kb-block=\"kb-adv-heading422_026aea-05\">Une \u00e9quipe de b\u00e9n\u00e9voles oeuvre au quotidien pour offrir une belle dynamique dans cette \u00e9picerie de village en plein coeur de Meix-devant Virton.<\/h2>\n<\/div><\/div>\n\n\n<style>.kadence-column422_c6673c-28 > .kt-inside-inner-col{display:flex;}.kadence-column422_c6673c-28 > .kt-inside-inner-col,.kadence-column422_c6673c-28 > .kt-inside-inner-col:before{border-top-left-radius:0px;border-top-right-radius:0px;border-bottom-right-radius:0px;border-bottom-left-radius:0px;}.kadence-column422_c6673c-28 > .kt-inside-inner-col{column-gap:var(--global-kb-gap-sm, 1rem);}.kadence-column422_c6673c-28 > .kt-inside-inner-col{flex-direction:column;justify-content:center;}.kadence-column422_c6673c-28 > .kt-inside-inner-col > .aligncenter{width:100%;}.kt-row-column-wrap > .kadence-column422_c6673c-28{align-self:center;}.kt-inner-column-height-full:not(.kt-has-1-columns) > .wp-block-kadence-column.kadence-column422_c6673c-28{align-self:auto;}.kt-inner-column-height-full:not(.kt-has-1-columns) > .wp-block-kadence-column.kadence-column422_c6673c-28 > .kt-inside-inner-col{flex-direction:column;justify-content:center;}.kadence-column422_c6673c-28 > .kt-inside-inner-col:before{opacity:0.3;}.kadence-column422_c6673c-28{position:relative;}@media all and (max-width: 1024px){.kt-row-column-wrap > .kadence-column422_c6673c-28{align-self:center;}}@media all and (max-width: 1024px){.kt-inner-column-height-full:not(.kt-has-1-columns) > .wp-block-kadence-column.kadence-column422_c6673c-28{align-self:auto;}}@media all and (max-width: 1024px){.kt-inner-column-height-full:not(.kt-has-1-columns) > .wp-block-kadence-column.kadence-column422_c6673c-28 > .kt-inside-inner-col{flex-direction:column;justify-content:center;}}@media all and (max-width: 1024px){.kadence-column422_c6673c-28 > .kt-inside-inner-col{flex-direction:column;justify-content:center;align-items:center;}}@media all and (max-width: 1024px){.kadence-column422_c6673c-28, .kt-inside-inner-col > .kadence-column422_c6673c-28:not(.specificity){margin-top:70px;margin-right:0px;margin-bottom:0px;margin-left:0px;}}@media all and (max-width: 767px){.kadence-column422_c6673c-28 > .kt-inside-inner-col{padding-top:0px;padding-right:0px;padding-bottom:0px;padding-left:0px;flex-direction:column;justify-content:center;align-items:center;}.kt-row-column-wrap > .kadence-column422_c6673c-28{align-self:center;}.kt-inner-column-height-full:not(.kt-has-1-columns) > .wp-block-kadence-column.kadence-column422_c6673c-28{align-self:auto;}.kt-inner-column-height-full:not(.kt-has-1-columns) > .wp-block-kadence-column.kadence-column422_c6673c-28 > .kt-inside-inner-col{flex-direction:column;justify-content:center;}.kadence-column422_c6673c-28, .kt-inside-inner-col > .kadence-column422_c6673c-28:not(.specificity){margin-bottom:-80px;}}<\/style>\n<div class=\"wp-block-kadence-column kadence-column422_c6673c-28 kb-section-dir-vertical inner-column-2\"><div class=\"kt-inside-inner-col\"><style>.kb-image422_aa04ef-6d.kb-image-is-ratio-size, .kb-image422_aa04ef-6d .kb-image-is-ratio-size{max-width:397px;width:100%;}.wp-block-kadence-column > .kt-inside-inner-col > .kb-image422_aa04ef-6d.kb-image-is-ratio-size, .wp-block-kadence-column > .kt-inside-inner-col > .kb-image422_aa04ef-6d .kb-image-is-ratio-size{align-self:unset;}.kb-image422_aa04ef-6d figure{max-width:397px;}.kb-image422_aa04ef-6d .image-is-svg, .kb-image422_aa04ef-6d .image-is-svg img{width:100%;}.kb-image422_aa04ef-6d .kb-image-has-overlay:after{opacity:0.3;border-top-left-radius:200px;border-top-right-radius:200px;border-bottom-right-radius:200px;border-bottom-left-radius:200px;}.kb-image422_aa04ef-6d img.kb-img, .kb-image422_aa04ef-6d .kb-img img{border-top-left-radius:200px;border-top-right-radius:200px;border-bottom-right-radius:200px;border-bottom-left-radius:200px;}<\/style>\n<div class=\"wp-block-kadence-image kb-image422_aa04ef-6d\"><figure class=\"aligncenter kb-image-is-ratio-size\"><div class=\"kb-is-ratio-image kb-image-ratio-square\"><img loading=\"lazy\" decoding=\"async\" width=\"680\" height=\"510\" src=\"http:\/\/solidairementasbl.be\/wp-content\/uploads\/2025\/02\/photo-epicentre1.jpg\" alt=\"\" class=\"kb-img wp-image-413\" srcset=\"https:\/\/solidairementasbl.be\/wp-content\/uploads\/2025\/02\/photo-epicentre1.jpg 680w, https:\/\/solidairementasbl.be\/wp-content\/uploads\/2025\/02\/photo-epicentre1-300x225.jpg 300w\" sizes=\"auto, (max-width: 680px) 100vw, 680px\" \/><\/div><\/figure><\/div>\n<\/div><\/div>\n\n<\/div><\/div>\n\n<style>.kb-row-layout-id422_f4ccb5-97 > .kt-row-column-wrap{align-content:center;}:where(.kb-row-layout-id422_f4ccb5-97 > .kt-row-column-wrap) > .wp-block-kadence-column{justify-content:center;}.kb-row-layout-id422_f4ccb5-97 > .kt-row-column-wrap{column-gap:var(--global-kb-gap-none, 0rem );row-gap:var(--global-kb-gap-none, 0rem );max-width:1140px;margin-left:auto;margin-right:auto;padding-top:0px;padding-right:0px;padding-bottom:100px;padding-left:0px;grid-template-columns:minmax(0, calc(80% - ((var(--global-kb-gap-none, 0rem ) * 1 )\/2)))minmax(0, calc(20% - ((var(--global-kb-gap-none, 0rem ) * 1 )\/2)));}.kb-row-layout-id422_f4ccb5-97 > .kt-row-layout-overlay{opacity:0.04;}@media all and (max-width: 1024px){.kb-row-layout-id422_f4ccb5-97 > .kt-row-column-wrap{max-width:700px;margin-left:auto;margin-right:auto;padding-top:80px;padding-right:0px;padding-bottom:80px;padding-left:0px;grid-template-columns:minmax(0, 1fr);}}@media all and (max-width: 767px){.kb-row-layout-id422_f4ccb5-97 > .kt-row-column-wrap{padding-top:60px;padding-right:15px;padding-bottom:60px;padding-left:15px;grid-template-columns:minmax(0, 1fr);}}.kb-row-layout-id422_f4ccb5-97 .contact-img-1 img{margin: -80px 0px -80px 0px;}<\/style><div class=\"kb-row-layout-wrap kb-row-layout-id422_f4ccb5-97 alignfull has-theme-palette8-background-color kt-row-has-bg wp-block-kadence-rowlayout\"><div class=\"kt-row-column-wrap kt-has-2-columns kt-row-layout-equal kt-tab-layout-row kt-mobile-layout-row kt-row-valign-middle\">\n<style>.kadence-column422_ab7f8c-f6 > .kt-inside-inner-col,.kadence-column422_ab7f8c-f6 > .kt-inside-inner-col:before{border-top-left-radius:0px;border-top-right-radius:0px;border-bottom-right-radius:0px;border-bottom-left-radius:0px;}.kadence-column422_ab7f8c-f6 > .kt-inside-inner-col{column-gap:var(--global-kb-gap-sm, 1rem);}.kadence-column422_ab7f8c-f6 > .kt-inside-inner-col{flex-direction:column;}.kadence-column422_ab7f8c-f6 > .kt-inside-inner-col > .aligncenter{width:100%;}.kadence-column422_ab7f8c-f6 > .kt-inside-inner-col:before{opacity:0.3;}.kadence-column422_ab7f8c-f6{position:relative;}@media all and (max-width: 1024px){.kadence-column422_ab7f8c-f6 > .kt-inside-inner-col{flex-direction:column;justify-content:center;}}@media all and (max-width: 767px){.kadence-column422_ab7f8c-f6 > .kt-inside-inner-col{flex-direction:column;justify-content:center;}}<\/style>\n<div class=\"wp-block-kadence-column kadence-column422_ab7f8c-f6\"><div class=\"kt-inside-inner-col\"><\/div><\/div>\n\n\n<style>.kadence-column422_c4fa25-50 > .kt-inside-inner-col,.kadence-column422_c4fa25-50 > .kt-inside-inner-col:before{border-top-left-radius:0px;border-top-right-radius:0px;border-bottom-right-radius:0px;border-bottom-left-radius:0px;}.kadence-column422_c4fa25-50 > .kt-inside-inner-col{column-gap:var(--global-kb-gap-sm, 1rem);}.kadence-column422_c4fa25-50 > .kt-inside-inner-col{flex-direction:column;}.kadence-column422_c4fa25-50 > .kt-inside-inner-col > .aligncenter{width:100%;}.kadence-column422_c4fa25-50 > .kt-inside-inner-col:before{opacity:0.3;}.kadence-column422_c4fa25-50{position:relative;}@media all and (max-width: 1024px){.kadence-column422_c4fa25-50 > .kt-inside-inner-col{flex-direction:column;justify-content:center;}}@media all and (max-width: 767px){.kadence-column422_c4fa25-50 > .kt-inside-inner-col{flex-direction:column;justify-content:center;}}<\/style>\n<div class=\"wp-block-kadence-column kadence-column422_c4fa25-50\"><div class=\"kt-inside-inner-col\"><\/div><\/div>\n\n<\/div><\/div>","protected":false},"excerpt":{"rendered":"<p>La d\u00e9brouillardise villageoise est l&rsquo;asbl qui s&rsquo;occupe de la gestion de l&rsquo;\u00e9picerie l&rsquo;\u00e9picentre. Une \u00e9quipe de b\u00e9n\u00e9voles oeuvre au quotidien pour offrir une belle dynamique dans cette \u00e9picerie de village en plein coeur de Meix-devant Virton.<\/p>\n","protected":false},"author":2,"featured_media":0,"parent":0,"menu_order":0,"comment_status":"closed","ping_status":"closed","template":"","meta":{"_kadence_starter_templates_imported_post":false,"_kad_post_transparent":"","_kad_post_title":"hide","_kad_post_layout":"fullwidth","_kad_post_sidebar_id":"","_kad_post_content_style":"","_kad_post_vertical_padding":"","_kad_post_feature":"","_kad_post_feature_position":"","_kad_post_header":false,"_kad_post_footer":false,"footnotes":""},"class_list":["post-422","page","type-page","status-publish","hentry"],"_links":{"self":[{"href":"https:\/\/solidairementasbl.be\/index.php\/wp-json\/wp\/v2\/pages\/422","targetHints":{"allow":["GET"]}}],"collection":[{"href":"https:\/\/solidairementasbl.be\/index.php\/wp-json\/wp\/v2\/pages"}],"about":[{"href":"https:\/\/solidairementasbl.be\/index.php\/wp-json\/wp\/v2\/types\/page"}],"author":[{"embeddable":true,"href":"https:\/\/solidairementasbl.be\/index.php\/wp-json\/wp\/v2\/users\/2"}],"replies":[{"embeddable":true,"href":"https:\/\/solidairementasbl.be\/index.php\/wp-json\/wp\/v2\/comments?post=422"}],"version-history":[{"count":9,"href":"https:\/\/solidairementasbl.be\/index.php\/wp-json\/wp\/v2\/pages\/422\/revisions"}],"predecessor-version":[{"id":479,"href":"https:\/\/solidairementasbl.be\/index.php\/wp-json\/wp\/v2\/pages\/422\/revisions\/479"}],"wp:attachment":[{"href":"https:\/\/solidairementasbl.be\/index.php\/wp-json\/wp\/v2\/media?parent=422"}],"curies":[{"name":"wp","href":"https:\/\/api.w.org\/{rel}","templated":true}]}}