{"id":84,"date":"2024-05-06T16:04:49","date_gmt":"2024-05-06T14:04:49","guid":{"rendered":"http:\/\/solidairementasbl.be\/?page_id=84"},"modified":"2024-09-30T13:30:26","modified_gmt":"2024-09-30T11:30:26","slug":"epiceries","status":"publish","type":"page","link":"https:\/\/solidairementasbl.be\/index.php\/epiceries\/","title":{"rendered":"\u00e9piceries"},"content":{"rendered":"<style>.wp-block-kadence-spacer.kt-block-spacer-84_691523-6f .kt-block-spacer{height:137px;}.wp-block-kadence-spacer.kt-block-spacer-84_691523-6f .kt-divider{border-top-width:1px;height:1px;border-top-color:#eee;width:80%;border-top-style:solid;}<\/style>\n<div class=\"wp-block-kadence-spacer aligncenter kt-block-spacer-84_691523-6f\"><div class=\"kt-block-spacer kt-block-spacer-halign-center\"><hr class=\"kt-divider\"\/><\/div><\/div>\n\n\n<style>.kadence-column84_33ab33-f3 > .kt-inside-inner-col{min-height:500px;}.kadence-column84_33ab33-f3 > .kt-inside-inner-col,.kadence-column84_33ab33-f3 > .kt-inside-inner-col:before{border-top-left-radius:0px;border-top-right-radius:0px;border-bottom-right-radius:0px;border-bottom-left-radius:0px;}.kadence-column84_33ab33-f3 > .kt-inside-inner-col{column-gap:var(--global-kb-gap-sm, 1rem);}.kadence-column84_33ab33-f3 > .kt-inside-inner-col{flex-direction:column;}.kadence-column84_33ab33-f3 > .kt-inside-inner-col > .aligncenter{width:100%;}.kadence-column84_33ab33-f3 > .kt-inside-inner-col{background-image:url('http:\/\/solidairementasbl.be\/wp-content\/uploads\/2024\/09\/BANNIERE_EPICERIES.jpg');background-size:cover;background-position:68% 32%;background-attachment:scroll;background-repeat:no-repeat;}.kadence-column84_33ab33-f3 > .kt-inside-inner-col:before{opacity:0.3;}.kadence-column84_33ab33-f3{position:relative;}@media all and (max-width: 1024px){.kadence-column84_33ab33-f3 > .kt-inside-inner-col{flex-direction:column;justify-content:center;}}@media all and (max-width: 767px){.kadence-column84_33ab33-f3 > .kt-inside-inner-col{flex-direction:column;justify-content:center;}}<\/style>\n<div class=\"wp-block-kadence-column kadence-column84_33ab33-f3 alignfull\"><div class=\"kt-inside-inner-col\"><\/div><\/div>\n\n\n\n<h2 class=\"wp-block-heading has-large-font-size\"><a href=\"https:\/\/fr.wikipedia.org\/wiki\/%C3%89\">\u00c9<\/a>piceries partenaires de Tourn\u00e9e V\u00e9g\u00e9tale :<\/h2>\n\n\n\n<p><\/p>\n\n\n\n<p><\/p>\n\n\n<style>.wp-block-kadence-advancedheading.kt-adv-heading84_5504fd-3f, .wp-block-kadence-advancedheading.kt-adv-heading84_5504fd-3f[data-kb-block=\"kb-adv-heading84_5504fd-3f\"]{font-size:var(--global-kb-font-size-lg, 2rem);font-style:normal;}.wp-block-kadence-advancedheading.kt-adv-heading84_5504fd-3f mark.kt-highlight, .wp-block-kadence-advancedheading.kt-adv-heading84_5504fd-3f[data-kb-block=\"kb-adv-heading84_5504fd-3f\"] mark.kt-highlight{font-style:normal;color:#f76a0c;-webkit-box-decoration-break:clone;box-decoration-break:clone;padding-top:0px;padding-right:0px;padding-bottom:0px;padding-left:0px;}<\/style>\n<h6 class=\"kt-adv-heading84_5504fd-3f wp-block-kadence-advancedheading\" data-kb-block=\"kb-adv-heading84_5504fd-3f\">l&rsquo;<a href=\"https:\/\/fr.wikipedia.org\/wiki\/%C3%89\">\u00c9<\/a>picentre &#8211; Meix-devant-Virton<br><br>Un Poids c&rsquo;est Tout &#8211; Etalle<br><br>l&rsquo;<a href=\"https:\/\/fr.wikipedia.org\/wiki\/%C3%89\">\u00c9<\/a>pi-cerise &#8211; Chiny<br><br><a href=\"https:\/\/fr.wikipedia.org\/wiki\/%C3%89\">\u00c9<\/a>pices &amp; Tout &#8211; Arlon<br><br>Le Cellier du Baudet &#8211; Bertrix<br><br>Coeur de Village &#8211; Bellefontaine<\/h6>\n\n\n<style>.wp-block-kadence-spacer.kt-block-spacer-84_b141dd-2d .kt-block-spacer{height:60px;}.wp-block-kadence-spacer.kt-block-spacer-84_b141dd-2d .kt-divider{border-top-width:1px;height:1px;border-top-color:#eee;width:80%;border-top-style:solid;}<\/style>\n<div class=\"wp-block-kadence-spacer aligncenter kt-block-spacer-84_b141dd-2d\"><div class=\"kt-block-spacer kt-block-spacer-halign-center\"><hr class=\"kt-divider\"\/><\/div><\/div>\n","protected":false},"excerpt":{"rendered":"<p>\u00c9piceries partenaires de Tourn\u00e9e V\u00e9g\u00e9tale : l&rsquo;\u00c9picentre &#8211; Meix-devant-Virton Un Poids c&rsquo;est Tout &#8211; Etalle l&rsquo;\u00c9pi-cerise &#8211; Chiny \u00c9pices &amp; Tout &#8211; Arlon Le Cellier du Baudet &#8211; Bertrix Coeur de Village &#8211; Bellefontaine<\/p>\n","protected":false},"author":1,"featured_media":0,"parent":0,"menu_order":0,"comment_status":"closed","ping_status":"closed","template":"","meta":{"_kadence_starter_templates_imported_post":false,"_kad_post_transparent":"","_kad_post_title":"hide","_kad_post_layout":"normal","_kad_post_sidebar_id":"","_kad_post_content_style":"","_kad_post_vertical_padding":"","_kad_post_feature":"","_kad_post_feature_position":"","_kad_post_header":false,"_kad_post_footer":false,"footnotes":""},"class_list":["post-84","page","type-page","status-publish","hentry"],"_links":{"self":[{"href":"https:\/\/solidairementasbl.be\/index.php\/wp-json\/wp\/v2\/pages\/84","targetHints":{"allow":["GET"]}}],"collection":[{"href":"https:\/\/solidairementasbl.be\/index.php\/wp-json\/wp\/v2\/pages"}],"about":[{"href":"https:\/\/solidairementasbl.be\/index.php\/wp-json\/wp\/v2\/types\/page"}],"author":[{"embeddable":true,"href":"https:\/\/solidairementasbl.be\/index.php\/wp-json\/wp\/v2\/users\/1"}],"replies":[{"embeddable":true,"href":"https:\/\/solidairementasbl.be\/index.php\/wp-json\/wp\/v2\/comments?post=84"}],"version-history":[{"count":4,"href":"https:\/\/solidairementasbl.be\/index.php\/wp-json\/wp\/v2\/pages\/84\/revisions"}],"predecessor-version":[{"id":341,"href":"https:\/\/solidairementasbl.be\/index.php\/wp-json\/wp\/v2\/pages\/84\/revisions\/341"}],"wp:attachment":[{"href":"https:\/\/solidairementasbl.be\/index.php\/wp-json\/wp\/v2\/media?parent=84"}],"curies":[{"name":"wp","href":"https:\/\/api.w.org\/{rel}","templated":true}]}}